
2, 157, 23627
List the prime factors of 85381.
85381
What are the prime factors of 6241060?
2, 5, 7, 44579
List the prime factors of 5754.
2, 3, 7, 137
List the prime factors of 234170.
2, 5, 23417
What are the prime factors of 31606039?
41, 181, 4259
List the prime factors of 2003309.
7, 11, 26017
What are the prime factors of 18111808?
2, 11, 13, 1979
List the prime factors of 535063.
419, 1277
What are the prime factors of 473101?
473101
What are the prime factors of 21841524?
2, 3, 29, 20921
List the prime factors of 227277.
3, 25253
What are the prime factors of 60642?
2, 3, 1123
What are the prime factors of 1767503?
1767503
List the prime factors of 6052628.
2, 197, 7681
List the prime factors of 650783.
7, 31, 2999
List the prime factors of 13332.
2, 3, 11, 101
What are the prime factors of 1153555?
5, 13, 17747
List the prime factors of 17362.
2, 8681
List the prime factors of 8700241.
11, 41, 101, 191
What are the prime factors of 252691?
252691
List the prime factors of 695546.
2, 347773
What are the prime factors of 1976212?
2, 7, 163, 433
List the prime factors of 729334.
2, 17, 19, 1129
List the prime factors of 60459.
3, 7, 2879
List the prime factors of 8992594.
2, 13, 345869
List the prime factors of 7902476.
2, 1975619
List the prime factors of 1102336.
2, 2153
List the prime factors of 1199185.
5, 13, 19, 971
What are the prime factors of 3243014?
2, 197, 8231
What are the prime factors of 646746?
2, 3, 107791
What are the prime factors of 167899?
167899
What are the prime factors of 19310674?
2, 17, 567961
List the prime factors of 1887814.
2, 37, 97, 263
List the prime factors of 3832622.
2, 1916311
List the prime factors of 63446.
2, 31723
What are the prime factors of 311119?
421, 739
What are the prime factors of 395172?
2, 3, 3659
What are the prime factors of 4080926?
2, 151, 13513
What are the prime factors of 5855686?
2, 19, 154097
What are the prime factors of 21164?
2, 11, 13, 37
List the prime factors of 3484340.
2, 5, 83, 2099
What are the prime factors of 602582?
2, 17, 37, 479
List the prime factors of 184672.
2, 29, 199
List the prime factors of 9937247.
19, 27527
What are the prime factors of 466346?
2, 233173
What are the prime factors of 12842210?
2, 5, 139, 9239
List the prime factors of 4015.
5, 11, 73
What are the prime factors of 1875496?
2, 7, 107, 313
List the prime factors of 575751.
3, 11, 73, 239
List the prime factors of 196716.
2, 3, 13, 97
What are the prime factors of 401260?
2, 5, 20063
List the prime factors of 434477.
41, 10597
What are the prime factors of 3628387?
7, 518341
List the prime factors of 254998.
2, 59, 2161
List the prime factors of 309735.
3, 5, 6883
What are the prime factors of 102574?
2, 51287
What are the prime factors of 552020?
2, 5, 7, 3943
What are the prime factors of 4404125?
5, 11, 3203
What are the prime factors of 293614?
2, 146807
What are the prime factors of 13634722?
2, 23, 37, 8011
List the prime factors of 159523.
7, 13, 1753
List the prime factors of 12163307.
13, 935639
What are the prime factors of 2904685?
5, 7, 37, 2243
List the prime factors of 2107755.
3, 5, 13, 1201
List the prime factors of 114278.
2, 57139
List the prime factors of 5758383.
3, 1919461
What are the prime factors of 10604688?
2, 3, 220931
What are the prime factors of 728066?
2, 31, 11743
List the prime factors of 3198157.
79, 40483
List the prime factors of 32046025.
5, 11, 116531
List the prime factors of 272955.
3, 5, 31, 587
What are the prime factors of 13562971?
151, 89821
What are the prime factors of 11711048?
2, 23, 63647
What are the prime factors of 79236?
2, 3, 31, 71
List the prime factors of 5291303.
5291303
What are the prime factors of 992469?
3, 330823
What are the prime factors of 37193?
13, 2861
What are the prime factors of 1336286?
2, 7, 31, 3079
List the prime factors of 233937.
3, 11, 17, 139
What are the prime factors of 4669271?
17, 349, 787
List the prime factors of 298991.
7, 11, 353
What are the prime factors of 1392027?
3, 7, 13, 5099
What are the prime factors of 1240864?
2, 17, 2281
List the prime factors of 383560.
2, 5, 43, 223
What are the prime factors of 998632?
2, 43, 2903
What are the prime factors of 759604?
2, 189901
What are the prime factors of 1268624?
2, 7, 47, 241
What are the prime factors of 989455?
5, 197891
List the prime factors of 637503.
3, 212501
What are the prime factors of 7395065?
5, 1479013
List the prime factors of 3843983.
11, 13, 26881
What are the prime factors of 7488510?
2, 3, 5, 47, 113
List the prime factors of 123931.
123931
What are the prime factors of 13467680?
2, 5, 41, 2053
List the prime factors of 417493.
417493
What are the prime factors of 3808278?
2, 3, 211571
List the prime factors of 591708.
2, 3, 13, 3793
What are the prime factors of 1411872?
2, 3, 7, 11, 191
List the prime factors of 434149.
41, 10589
What are the prime factors of 5135376?
2, 3, 83, 1289
List the prime factors of 366180.
2, 3, 5, 17, 359
List the prime factors of 16322682.
2, 3, 2720447
What are the prime factors of 738921?
3, 23, 10709
What are the prime factors of 13451521?
193, 69697
What are the prime factors of 61927?
61927
What are the prime factors of 461448?
2, 3, 13, 17, 29
What are the prime factors of 357690?
2, 3, 5, 11923
What are the prime factors of 20999059?
31, 421, 1609
List the prime factors of 4138138.
2, 2069069
What are the prime factors of 174047?
174047
What are the prime factors of 4054281?
3, 7, 11, 17551
What are the prime factors of 5854221?
3, 53, 4091
List the prime factors of 122921.
122921
What are the prime factors of 67261?
67261
What are the prime factors of 4948651?
1637, 3023
List the prime factors of 12684106.
2, 6342053
What are the prime factors of 61310?
2, 5, 6131
What are the prime factors of 334340?
2, 5, 73, 229
List the prime factors of 535733.
11, 113, 431
What are the prime factors of 13988440?
2, 5, 29, 31, 389
List the prime factors of 5170000.
2, 5, 11, 47
List the prime factors of 4112500.
2, 5, 7, 47
List the prime factors of 242885.
5, 31, 1567
What are the prime factors of 220894?
2, 19, 5813
What are the prime factors of 219441?
3, 193, 379
List the prime factors of 13963874.
2, 37, 188701
List the prime factors of 1209442.
2, 13, 181, 257
List the prime factors of 3393091.
13, 211, 1237
List the prime factors of 6607504.
2, 139, 2971
List the prime factors of 206125.
5, 17, 97
What are the prime factors of 1078194?
2, 3, 13, 23, 601
List the prime factors of 437565.
3, 5, 31, 941
What are the prime factors of 1328480?
2, 5, 19, 23
What are the prime factors of 81677?
81677
What are the prime factors of 8658122?
2, 11, 393551
What are the prime factors of 222859?
7, 13, 31, 79
What are the prime factors of 2858586?
2, 3, 347, 1373
List the prime factors of 145177.
145177
List the prime factors of 487043.
283, 1721
List the prime factors of 87531.
3, 163, 179
What are the prime factors of 112250?
2, 5, 449
List the prime factors of 7023060.
2, 3, 5, 11, 3547
List the prime factors of 5047195.
5, 1009439
What are the prime factors of 688045?
5, 23, 31, 193
List the prime factors of 596424.
2, 3, 24851
What are the prime factors of 1365938?
2, 7, 43, 2269
What are the prime factors of 5697258?
2, 3, 7, 135649
List the prime factors of 582511.
582511
What are the prime factors of 10539865?
5, 7, 23, 13093
List the prime factors of 42986862.
2, 3, 23, 83, 139
List the prime factors of 374987.
374987
What are the prime factors of 2822893?
2822893
What are the prime factors of 236927?
47, 71
What are the prime factors of 16625956?
2, 211, 19699
What are the prime factors of 142060?
2, 5, 7103
What are the prime factors of 413187?
3, 43, 3203
What are the prime factors of 16745546?
2, 8372773
What are the prime factors of 619468?
2, 251, 617
What are the prime factors of 671801?
13, 31, 1667
What are the prime factors of 1178721?
3, 130969
List the prime factors of 3970837.
13, 305449
What are the prime factors of 216272?
2, 7, 1931
What are the prime factors of 99794?
2, 41, 1217
List the prime factors of 3293902.
2, 1646951
List the prime factors of 637512.
2, 3, 101, 263
List the prime factors of 14784.
2, 3, 7, 11
What are the prime factors of 1171709?
7, 11, 15217
What are the 